{"id":21104,"date":"2025-11-10T11:21:53","date_gmt":"2025-11-10T08:21:53","guid":{"rendered":"https:\/\/www.lyrago.com.tr\/?product=amt-04-bk-biala-kirmizi-selale-masa-takvimi-12991"},"modified":"2026-04-18T22:56:09","modified_gmt":"2026-04-18T19:56:09","slug":"amt-04-bk-biala-kirmizi-selale-masa-takvimi-12991","status":"publish","type":"product","link":"https:\/\/www.lyrago.com.tr\/?product=amt-04-bk-biala-kirmizi-selale-masa-takvimi-12991","title":{"rendered":"AMT-04-BK Biala &#8211; K\u0131rm\u0131z\u0131 \u015eelale Masa Takvimi"},"content":{"rendered":"<ul>\n<li> Ta\u015f\u0131y\u0131c\u0131 Ebat: 20 x 14 x 7 cm\n<li> Ta\u015f\u0131y\u0131c\u0131 Ka\u011f\u0131t: 400 gram A. Bristol\n<li> Ta\u015f\u0131y\u0131c\u0131 Cilt: Taslama \/ Biala\n<li> Yaprak Ebat: 20 x 11 cm\n<li> Yaprak Ka\u011f\u0131t: 170 gram Parlak Ku\u015fe\n<li> Yaprak Say\u0131s\u0131: 13<\/li>\n<\/ul>\n","protected":false},"excerpt":{"rendered":"<p>Ta\u015f\u0131y\u0131c\u0131 Ebat: 20 x 14 x 7 cm Ta\u015f\u0131y\u0131c\u0131 Ka\u011f\u0131t: 400 gram A. Bristol Ta\u015f\u0131y\u0131c\u0131 Cilt: Taslama \/ Biala Yaprak Ebat: 20 x 11 cm Yaprak Ka\u011f\u0131t: 170 gram Parlak Ku\u015fe Yaprak Say\u0131s\u0131: 13<\/p>\n","protected":false},"featured_media":26171,"comment_status":"open","ping_status":"closed","template":"","meta":{"_monsterinsights_skip_tracking":false,"_monsterinsights_sitenote_active":false,"_monsterinsights_sitenote_note":"","_monsterinsights_sitenote_category":0},"product_brand":[],"product_cat":[205],"product_tag":[],"class_list":{"0":"post-21104","1":"product","2":"type-product","3":"status-publish","4":"has-post-thumbnail","6":"product_cat-masa-takvimleri-9","7":"pa_ie-nt-ebat-20-x-14-x-7-cm","8":"pa_ie-nt-kirmizi-urun-hayir","9":"pa_ie-nt-renk-biala-kirmizi","10":"pa_ie-nt-uretim-hayir","12":"first","13":"onbackorder","14":"taxable","15":"shipping-taxable","16":"purchasable","17":"product-type-simple"},"aioseo_notices":[],"_links":{"self":[{"href":"https:\/\/www.lyrago.com.tr\/index.php?rest_route=\/wp\/v2\/product\/21104","targetHints":{"allow":["GET"]}}],"collection":[{"href":"https:\/\/www.lyrago.com.tr\/index.php?rest_route=\/wp\/v2\/product"}],"about":[{"href":"https:\/\/www.lyrago.com.tr\/index.php?rest_route=\/wp\/v2\/types\/product"}],"replies":[{"embeddable":true,"href":"https:\/\/www.lyrago.com.tr\/index.php?rest_route=%2Fwp%2Fv2%2Fcomments&post=21104"}],"wp:featuredmedia":[{"embeddable":true,"href":"https:\/\/www.lyrago.com.tr\/index.php?rest_route=\/wp\/v2\/media\/26171"}],"wp:attachment":[{"href":"https:\/\/www.lyrago.com.tr\/index.php?rest_route=%2Fwp%2Fv2%2Fmedia&parent=21104"}],"wp:term":[{"taxonomy":"product_brand","embeddable":true,"href":"https:\/\/www.lyrago.com.tr\/index.php?rest_route=%2Fwp%2Fv2%2Fproduct_brand&post=21104"},{"taxonomy":"product_cat","embeddable":true,"href":"https:\/\/www.lyrago.com.tr\/index.php?rest_route=%2Fwp%2Fv2%2Fproduct_cat&post=21104"},{"taxonomy":"product_tag","embeddable":true,"href":"https:\/\/www.lyrago.com.tr\/index.php?rest_route=%2Fwp%2Fv2%2Fproduct_tag&post=21104"}],"curies":[{"name":"wp","href":"https:\/\/api.w.org\/{rel}","templated":true}]}}