{"id":19754,"date":"2025-11-10T11:16:14","date_gmt":"2025-11-10T08:16:14","guid":{"rendered":"https:\/\/www.lyrago.com.tr\/?product=d-4870-yarim-boy-boyama-seti-16658"},"modified":"2026-04-19T07:11:53","modified_gmt":"2026-04-19T04:11:53","slug":"d-4870-yarim-boy-boyama-seti-16658","status":"publish","type":"product","link":"https:\/\/www.lyrago.com.tr\/?product=d-4870-yarim-boy-boyama-seti-16658","title":{"rendered":"D-4870 Yar\u0131m Boy Boyama Seti"},"content":{"rendered":"<ul>\n<li> Ebat: 2.8 x 11 cm\n<li> Kalemler: Ah\u015fap\n<li> Kutu: Geri D\u00f6n\u00fc\u015f\u00fcm\n<li> Kalemtra\u015f: Var\n<li> Bask\u0131: UV, Tampon<\/li>\n<\/ul>\n","protected":false},"excerpt":{"rendered":"<p>Ebat: 2.8 x 11 cm Kalemler: Ah\u015fap Kutu: Geri D\u00f6n\u00fc\u015f\u00fcm Kalemtra\u015f: Var Bask\u0131: UV, Tampon<\/p>\n","protected":false},"featured_media":24060,"comment_status":"open","ping_status":"closed","template":"","meta":{"_monsterinsights_skip_tracking":false,"_monsterinsights_sitenote_active":false,"_monsterinsights_sitenote_note":"","_monsterinsights_sitenote_category":0},"product_brand":[],"product_cat":[225],"product_tag":[],"class_list":{"0":"post-19754","1":"product","2":"type-product","3":"status-publish","4":"has-post-thumbnail","6":"product_cat-doga-dostu-kalemler-119","7":"pa_ie-nt-kirmizi-urun-evet","8":"pa_ie-nt-uretim-evet","10":"first","11":"onbackorder","12":"taxable","13":"shipping-taxable","14":"purchasable","15":"product-type-simple"},"aioseo_notices":[],"_links":{"self":[{"href":"https:\/\/www.lyrago.com.tr\/index.php?rest_route=\/wp\/v2\/product\/19754","targetHints":{"allow":["GET"]}}],"collection":[{"href":"https:\/\/www.lyrago.com.tr\/index.php?rest_route=\/wp\/v2\/product"}],"about":[{"href":"https:\/\/www.lyrago.com.tr\/index.php?rest_route=\/wp\/v2\/types\/product"}],"replies":[{"embeddable":true,"href":"https:\/\/www.lyrago.com.tr\/index.php?rest_route=%2Fwp%2Fv2%2Fcomments&post=19754"}],"wp:featuredmedia":[{"embeddable":true,"href":"https:\/\/www.lyrago.com.tr\/index.php?rest_route=\/wp\/v2\/media\/24060"}],"wp:attachment":[{"href":"https:\/\/www.lyrago.com.tr\/index.php?rest_route=%2Fwp%2Fv2%2Fmedia&parent=19754"}],"wp:term":[{"taxonomy":"product_brand","embeddable":true,"href":"https:\/\/www.lyrago.com.tr\/index.php?rest_route=%2Fwp%2Fv2%2Fproduct_brand&post=19754"},{"taxonomy":"product_cat","embeddable":true,"href":"https:\/\/www.lyrago.com.tr\/index.php?rest_route=%2Fwp%2Fv2%2Fproduct_cat&post=19754"},{"taxonomy":"product_tag","embeddable":true,"href":"https:\/\/www.lyrago.com.tr\/index.php?rest_route=%2Fwp%2Fv2%2Fproduct_tag&post=19754"}],"curies":[{"name":"wp","href":"https:\/\/api.w.org\/{rel}","templated":true}]}}