{"id":19620,"date":"2025-11-10T11:15:40","date_gmt":"2025-11-10T08:15:40","guid":{"rendered":"https:\/\/www.lyrago.com.tr\/?product=8130-16gb-usb-bellek-16891"},"modified":"2026-04-19T06:19:50","modified_gmt":"2026-04-19T03:19:50","slug":"8130-16gb-usb-bellek-16891","status":"publish","type":"product","link":"https:\/\/www.lyrago.com.tr\/?product=8130-16gb-usb-bellek-16891","title":{"rendered":"8130-16GB USB Bellek"},"content":{"rendered":"<ul>\n<li> Kapasite: 16 GB\n<li> Materyal: Rubber\n<li> Kutu: Metal\n<li> Bask\u0131: Lazer\n<li> I\u015f\u0131kl\u0131 Markalama<\/li>\n<\/ul>\n","protected":false},"excerpt":{"rendered":"<p>Kapasite: 16 GB Materyal: Rubber Kutu: Metal Bask\u0131: Lazer I\u015f\u0131kl\u0131 Markalama<\/p>\n","protected":false},"featured_media":23811,"comment_status":"open","ping_status":"closed","template":"","meta":{"_monsterinsights_skip_tracking":false,"_monsterinsights_sitenote_active":false,"_monsterinsights_sitenote_note":"","_monsterinsights_sitenote_category":0},"product_brand":[],"product_cat":[244],"product_tag":[],"class_list":{"0":"post-19620","1":"product","2":"type-product","3":"status-publish","4":"has-post-thumbnail","6":"product_cat-usb-bellekler-100","7":"pa_ie-nt-ebat-16-gb","8":"pa_ie-nt-kirmizi-urun-hayir","9":"pa_ie-nt-uretim-hayir","11":"first","12":"onbackorder","13":"taxable","14":"shipping-taxable","15":"purchasable","16":"product-type-simple"},"aioseo_notices":[],"_links":{"self":[{"href":"https:\/\/www.lyrago.com.tr\/index.php?rest_route=\/wp\/v2\/product\/19620","targetHints":{"allow":["GET"]}}],"collection":[{"href":"https:\/\/www.lyrago.com.tr\/index.php?rest_route=\/wp\/v2\/product"}],"about":[{"href":"https:\/\/www.lyrago.com.tr\/index.php?rest_route=\/wp\/v2\/types\/product"}],"replies":[{"embeddable":true,"href":"https:\/\/www.lyrago.com.tr\/index.php?rest_route=%2Fwp%2Fv2%2Fcomments&post=19620"}],"wp:featuredmedia":[{"embeddable":true,"href":"https:\/\/www.lyrago.com.tr\/index.php?rest_route=\/wp\/v2\/media\/23811"}],"wp:attachment":[{"href":"https:\/\/www.lyrago.com.tr\/index.php?rest_route=%2Fwp%2Fv2%2Fmedia&parent=19620"}],"wp:term":[{"taxonomy":"product_brand","embeddable":true,"href":"https:\/\/www.lyrago.com.tr\/index.php?rest_route=%2Fwp%2Fv2%2Fproduct_brand&post=19620"},{"taxonomy":"product_cat","embeddable":true,"href":"https:\/\/www.lyrago.com.tr\/index.php?rest_route=%2Fwp%2Fv2%2Fproduct_cat&post=19620"},{"taxonomy":"product_tag","embeddable":true,"href":"https:\/\/www.lyrago.com.tr\/index.php?rest_route=%2Fwp%2Fv2%2Fproduct_tag&post=19620"}],"curies":[{"name":"wp","href":"https:\/\/api.w.org\/{rel}","templated":true}]}}